ppose 45 = -2*a + o*a. What are the prime factors of a?
3
Let p be 1 - (0 - 2/(-2)). Let c be (p + 1)*27/3. Let z = 20 - c. What are the prime factors of z?
11
Suppose -3*d - 573 = -3*h, -4*h + 2*d + 1017 = 247. List the prime factors of h.
2, 97
Let p be 4/10 - 326/(-10). What are the prime factors of 6/8 + p/4?
3
What are the prime factors of 68/7 + 20/70?
2, 5
What are the prime factors of (-132)/(-32)*4*2*1?
3, 11
Suppose j - 49 = -2*a, a - 26 = 2*j + 1. What are the prime factors of a?
5
Let o = -5 - -5. Suppose -3*p + 2*p + 14 = o. List the prime factors of p.
2, 7
Let s(q) be the first derivative of -q**4/4 + 2*q**3 - q**2 - 3*q - 12. Let a(b) = b**2 + b - 1. Let f be a(2). List the prime factors of s(f).
2, 3
Let x = 31 + -4. Suppose 3*g - x = -3. What are the prime factors of g + 1 + -1 + 3?
11
List the prime factors of (3/6*-6)/(15/(-505)).
101
Suppose 2*f + f - 6 = 0. Suppose -3*i + f = -103. List the prime factors of i.
5, 7
Let q(l) = l**3 + 7*l**2 - 2*l - 10. Let b be q(-7). Let u be 48/21 + b/(-14). Suppose -u*m + 37 = -c, 4*c - 70 = -4*m + 2*c. What are the prime factors of m?
2, 3
Suppose -4*p - g = -16, -2*p - 4*g = p + 1. Let f(n) be the second derivative of n**3/6 - n**2 + 2*n. What are the prime factors of f(p)?
3
Suppose 0 = 3*r - 8 - 4. Suppose -l + 13 = -4*s, -r*s - s = -5*l + 35. What are the prime factors of 7 + (0 - s) + -1?
2
Let h(v) be the first derivative of -v**4/2 + 2*v**3/3 + v**2 + v + 3. What are the prime factors of h(-1)?
3
Suppose -2*k + 7*k + 25 = 5*i, i + 7 = -5*k. Let m be (k/(-3))/((-5)/(-60)). Let h = m - -3. List the prime factors of h.
11
Let i(r) = -12*r - 3. Let v be i(-2). Let f = v - 11. Suppose -41 - f = -3*t. What are the prime factors of t?
17
Let w = -12 + 20. Let o = w + -4. List the prime factors of o.
2
Suppose 0 = 4*f + 3*m - 33, -5*f = 5*m - 3*m - 36. Let h = f - 2. Suppose 9*t - 70 = h*t. List the prime factors of t.
2, 7
Let o = 2 - -4. What are the prime factors of o?
2, 3
Let d be 13 + (2 + -4)/2. Let m be 20/6*12/10. Let x = d - m. List the prime factors of x.
2
What are the prime factors of 2*(-7)/21*(-771)/2?
257
Let q be (-57)/(-12) - 4/(-16). Suppose -4*z = -q*z + 33. List the prime factors of z.
3, 11
Let g = -2 - -3. Let t be g - 0*(-2)/4. Let o = t - -10. What are the prime factors of o?
11
Let o(v) = v + 4. Let a be o(7). Suppose 4*z - 3*z - 5 = 3*p, 0 = 4*p + 3*z + a. Let x = 11 + p. What are the prime factors of x?
3
Suppose 0 = 5*x - 147 - 3. What are the prime factors of x?
2, 3, 5
Let j(v) = 10*v. Let h = -1 + 2. What are the prime factors of j(h)?
2, 5
Let n = -4 + 4. Suppose j - 22 = -n*j. Suppose t - 2 = 2*y, j = 3*t - 0*y + 2*y. What are the prime factors of t?
2, 3
Suppose 0 = -5*d + 2*d + 6. Let w = 0 + -1. What are the prime factors of -2 + d + w + 10?
3
Let h(l) be the third derivative of 0 + 1/3*l**4 - 1/60*l**5 + 2*l**3 + 0*l + 2*l**2. List the prime factors of h(9).
3
Let r be (-3 + 3)/(-1 - 0). Suppose r = 5*b + 4 - 29. What are the prime factors of b?
5
Suppose -30 = -5*w + 2*w. Suppose g - 1 = -w. Let j = 1 - g. What are the prime factors of j?
2, 5
Let l(k) = k**2 - 3*k - 8. List the prime factors of l(-5).
2
Let p(l) be the first derivative of -l**6/120 + l**2 - 1. Let d(u) be the second derivative of p(u). What are the prime factors of d(-2)?
2
Let c(g) = 7*g**2 - 5*g. Let y(o) = 20*o**2 - 14*o. Let i(d) = 3*d**2. Let b be i(1). Let z(l) = b*y(l) - 8*c(l). What are the prime factors of z(2)?
2, 3
What are the prime factors of 94 - (-1)/(3/(-15))?
89
Let v(j) = j**3 - 5*j**2 + 5*j - 1. Let u be v(4). Suppose -u*g + 74 = -4*i - 1, 2*g = -2*i + 50. List the prime factors of 16/10 - (-10)/g.
2
Suppose -35 = -2*d + 11. Suppose 5*s = n + 1, s + 0*s = -n + d. What are the prime factors of n?
19
Suppose -2*s + 45 = 2*j - 53, 10 = -2*j. List the prime factors of s.
2, 3
Let y(r) = r**2 + 12*r. Let a(d) = -d**2 - 11*d. Let s(f) = -3*a(f) - 2*y(f). Let l be s(-9). Suppose l*k + 2*k = 30. List the prime factors of k.
3, 5
Let o = 27 + -8. Suppose -3*l + 5 = -o. Suppose 14 = r - 3*h, -l*r + 3*h = -3*r - 22. List the prime factors of r.
2
Suppose -5 + 0 = -x. Let p(i) = -i**3 + 5*i**2 + 3*i - 1. List the prime factors of p(x).
2, 7
Suppose -2 = 4*a - 18. Let n = a + -1. Suppose 4 = n*y - 20. List the prime factors of y.
2
Let l = -1 - -3. Let v = l + 0. Let w(q) = 10*q. List the prime factors of w(v).
2, 5
List the prime factors of 92 - ((-6)/(-9) - (-5)/(-3)).
3, 31
Let r(n) = -n**2 + 3*n + 2. Let b be r(-6). Let z = 34 + b. What are the prime factors of (z/(-10))/((-5)/(-25))?
3
Let x = -9 - -12. Suppose x*p - 9 = 39. List the prime factors of p.
2
Let t = -136 - -238. List the prime factors of t.
2, 3, 17
Let h = 72 + -37. List the prime factors of h.
5, 7
Let y = 4 - 4. Let t(f) = -f**2. Let o be t(y). Suppose o = -4*h - 12, 2*c - 20 = -2*h + 6*h. What are the prime factors of c?
2
Suppose 29*p = 33*p - 148. List the prime factors of p.
37
Let w = 11 + -6. Suppose w*p + 0 + 50 = 0. Let r(t) = -t**2 - 10*t + 2. What are the prime factors of r(p)?
2
Let r be (6/4)/(27/180). Suppose -20 = -r*f + 5*f. List the prime factors of f.
2
Suppose x + 4*r - r + 4 = 0, -3*r - 15 = 0. List the prime factors of x.
11
Let t be (0 - 1) + 24/8. What are the prime factors of -22*2/(-8)*t?
11
Suppose 0 = -5*n + 4*d + 25, -2*n + 3*d + 3 = -0*d. Suppose -6*k + 7*k = 0. Suppose k = -2*f + n + 29. What are the prime factors of f?
19
Let g(c) = 5*c**2 + 2*c + 4. List the prime factors of g(3).
5, 11
Let a(r) = -r**3 + 8*r**2 - 7*r - 1. Let g be a(7). What are the prime factors of (-1)/(78/81 + g)?
3
Let j(b) be the second derivative of 0 + b + 2/3*b**4 - 1/6*b**3 + 0*b**2. List the prime factors of j(-1).
3
Let h(m) = 64*m. Let k be h(1). Let y = -11 + 23. What are the prime factors of k/y + (-4)/(-6)?
2, 3
List the prime factors of -8 - -3 - -26*4.
3, 11
Let d(p) = 2*p. Let r(w) = -w - 6. Let s(f) = 2*f + 12. Let q(b) = 7*r(b) + 4*s(b). Let m be q(0). List the prime factors of d(m).
2, 3
Let k(t) = -2*t - t - 2*t. List the prime factors of k(-5).
5
Suppose -4 = 4*v + 128. Let l = v - -46. What are the prime factors of l?
13
What are the prime factors of 3*268/12 + -1?
2, 3, 11
Suppose -4*c - 9 = -25. Suppose -12 = 3*x - c*x - 2*f, -3*x - 5*f = -39. What are the prime factors of x?
2, 3
Suppose 0 = t - 0*t. What are the prime factors of 3 + (-1)/(1 + t)?
2
Let s(w) = -w**2 - 7*w - 10. Let p be s(-7). Let o = -3 - p. Let f(u) = -u**2 + 9*u - 2. What are the prime factors of f(o)?
2, 3
Let o = 243 - -13. What are the prime factors of o?
2
Let n = -20 + 29. Let z = n - 2. What are the prime factors of z?
7
Suppose y = -5*s + 10, 3*s = -4*y - s + 24. Suppose 7 = 3*t - y. What are the prime factors of t?
2
List the prime factors of -28*(-3)/(36/15).
5, 7
Let z = -12 + 27. Let o(s) = s**2 - s - 1. Let i be o(3). Suppose 0*j - i*j = 2*v - 55, -z = -3*v. List the prime factors of j.
3
What are the prime factors of (-246)/(-9) - (-2)/3?
2, 7
List the prime factors of -34*(6/(-20) - (-6)/(-30)).
17
Let k be (4 - -100) + 2 + -1. Let h = -75 + k. List the prime factors of h.
2, 3, 5
Let l(c) = c**3 + 15*c**2 + 4 - 9*c**2 - 1. List the prime factors of l(-6).
3
Let v be (-4)/8*(-2 - 22). Let d be 273 - (v/2)/(-2). List the prime factors of 2/(-5) - d/(-15).
2, 3
Suppose 122 = 4*n + 3*w, 4*w + w - 10 = 0. List the prime factors of n.
29
Let n be 2/(-6) - (-20)/6. Suppose n*u - 12 - 12 = 0. What are the prime factors of 0 - (u + 1)/(-1)?
3
Suppose 0 = 4*v, 2*r + 2*r + 5*v = -4. Let j = r + 5. What are the prime factors of j?
2
Let o(f) = f**3 + 6*f**2 + 3. Let g be o(-6). Suppose u = -1 - g. Let y(w) = w**2 + 2*w - 1. List the prime factors of y(u).
7
Let i(n) = -n**2 + 5*n - 2. Suppose -7*l + 9 = -4*l. What are the prime factors of i(l)?
2
List the prime factors of ((-108)/(-15))/(9/30).
2, 3
What are the prime factors of (-6)/4 - (-210)/4?
3, 17
Let y(q) = 5*q**2 - q - 3. Let k be y(5). Suppose -3*b - 31 = -m - 0*m, -4*m = -5*b - k. What are the prime factors of m?
2, 7
What are the prime factors of (117/6)/(6/8)?
2, 13
Let i(x) be the second derivative of x**4/12 - x**3/2 - x**2 + 2*x. List the prime factors of i(6).
2
Let i be 4 + -1*(0 - -1). Suppose i*d - 267 = -4*o, 4*d - 2*d - 262 = -4*o